{"id":106606,"date":"2023-10-02T12:36:47","date_gmt":"2023-10-02T10:36:47","guid":{"rendered":"https:\/\/www.ivrczech.cz\/?page_id=106606"},"modified":"2024-03-04T09:34:21","modified_gmt":"2024-03-04T08:34:21","slug":"clenstvi","status":"publish","type":"page","link":"https:\/\/www.ivrczech.cz\/?page_id=106606","title":{"rendered":"\u010clenstv\u00ed"},"content":{"rendered":"<section class=\"wpb-content-wrapper\"><p>[vc_row][vc_column][vc_empty_space][vc_separator][vc_empty_space][\/vc_column][\/vc_row][vc_row][vc_column][vc_column_text]<\/p>\n<p style=\"text-align: justify;\">\u010clenem \u010cesk\u00e9 sdru\u017een\u00ed pro pr\u00e1vn\u00ed a soci\u00e1ln\u00ed filozofii, z. s. (d\u00e1le t\u00e9\u017e \u201eSpolek\u201c) se mohou st\u00e1t fyzick\u00e9 i pr\u00e1vnick\u00e9 osoby. V\u00edt\u00e1ni jsou \u010dlenov\u00e9 nap\u0159\u00ed\u010d v\u011bdn\u00edmi obory, fakultami i profesemi. \u010clenov\u00e9 Spolku se \u00fa\u010dastn\u00ed v\u011bdeck\u00fdch symp\u00f3zi\u00ed, \u010dlensk\u00fdch sch\u016fz\u00ed \u010di neform\u00e1ln\u00edch setk\u00e1n\u00ed. Rozhoduj\u00ed t\u00e9\u017e o v\u0161ech z\u00e1sadn\u00edch ot\u00e1zk\u00e1ch t\u00fdkaj\u00edc\u00edch se existence a fungov\u00e1n\u00ed Spolku, jako\u017e i jeho vztahu k Mezin\u00e1rodn\u00ed asociaci pro pr\u00e1vn\u00ed a soci\u00e1ln\u00ed filozofii (IVR) a jin\u00fdm n\u00e1rodn\u00edm sekc\u00edm IVR.<br \/>\nSpole\u010dn\u011b s \u010dlenstv\u00edm v \u010cesk\u00e9m sdru\u017een\u00ed pro pr\u00e1vn\u00ed a soci\u00e1ln\u00ed filozofii, z.s. vznik\u00e1 rovn\u011b\u017e \u010dlenstv\u00ed v Mezin\u00e1rodn\u00edm sdru\u017een\u00ed pro pr\u00e1vn\u00ed a soci\u00e1ln\u00ed filozofii (\u201eInternationale Vereinigung f\u00fcr Rechts-und Sozialphilosophie\u201c \u010di \u201eIVR\u201c), a to v souladu s \u00a7 3 odst. 1 <a href=\"https:\/\/or.justice.cz\/ias\/ui\/vypis-sl-detail?dokument=71506213&amp;subjektId=740016&amp;spis=325246\">stanov IVR.<\/a><br \/>\nPro vznik \u010dlenstv\u00ed pros\u00edm vypl\u0148te p\u0159ihl\u00e1\u0161ku uvedenou n\u00ed\u017ee a stiskn\u011bte tla\u010d\u00edtko odeslat. P\u0159ihl\u00e1\u0161ka se automaticky ode\u0161le na e-mail tajemnice Spolku, kterou je dr. Katarzyna \u017d\u00e1k Krzy\u017eankov\u00e1. P\u0159ihl\u00e1\u0161ku je mo\u017en\u00e9 rovn\u011b\u017e odeslat v ti\u0161t\u011bn\u00e9 verzi na adresu <a href=\"https:\/\/www.ivrczech.cz\/contacts\/\">s\u00eddla spolku<\/a>.<\/p>\n<p>[\/vc_column_text][\/vc_column][\/vc_row][vc_row][vc_column][vc_empty_space][vc_separator][vc_empty_space][vc_column_text]\n<div class=\"wpcf7 no-js\" id=\"wpcf7-f106533-o1\" lang=\"cs-CZ\" dir=\"ltr\">\n<div class=\"screen-reader-response\"><p role=\"status\" aria-live=\"polite\" aria-atomic=\"true\"><\/p> <ul><\/ul><\/div>\n<form action=\"\/index.php?rest_route=%2Fwp%2Fv2%2Fpages%2F106606#wpcf7-f106533-o1\" method=\"post\" class=\"wpcf7-form init\" aria-label=\"Kontaktn\u00ed formul\u00e1\u0159\" novalidate=\"novalidate\" data-status=\"init\">\n<div style=\"display: none;\">\n<input type=\"hidden\" name=\"_wpcf7\" value=\"106533\" \/>\n<input type=\"hidden\" name=\"_wpcf7_version\" value=\"5.9.8\" \/>\n<input type=\"hidden\" name=\"_wpcf7_locale\" value=\"cs_CZ\" \/>\n<input type=\"hidden\" name=\"_wpcf7_unit_tag\" value=\"wpcf7-f106533-o1\" \/>\n<input type=\"hidden\" name=\"_wpcf7_container_post\" value=\"0\" \/>\n<input type=\"hidden\" name=\"_wpcf7_posted_data_hash\" value=\"\" \/>\n<\/div>\n<div class=\"full-width\"><span class=\"wpcf7-form-control-wrap\" data-name=\"your-first-name\"><input size=\"40\" maxlength=\"400\" class=\"wpcf7-form-control wpcf7-text wpcf7-validates-as-required\" aria-required=\"true\" aria-invalid=\"false\" placeholder=\"Jm\u00e9no*\" value=\"\" type=\"text\" name=\"your-first-name\" \/><\/span><\/div>\n<div class=\"full-width\"><span class=\"wpcf7-form-control-wrap\" data-name=\"your-last-name\"><input size=\"40\" maxlength=\"400\" class=\"wpcf7-form-control wpcf7-text wpcf7-validates-as-required\" aria-required=\"true\" aria-invalid=\"false\" placeholder=\"P\u0159\u00edjmen\u00ed*\" value=\"\" type=\"text\" name=\"your-last-name\" \/><\/span><\/div> \n<div class=\"full-width\"><span class=\"wpcf7-form-control-wrap\" data-name=\"your-email\"><input size=\"40\" maxlength=\"400\" class=\"wpcf7-form-control wpcf7-email wpcf7-validates-as-required wpcf7-text wpcf7-validates-as-email\" aria-required=\"true\" aria-invalid=\"false\" placeholder=\"E-mailov\u00e1 adresa*\" value=\"\" type=\"email\" name=\"your-email\" \/><\/span><\/div>\n<div class=\"full-width\"><span class=\"wpcf7-form-control-wrap\" data-name=\"your-email\"><input size=\"40\" maxlength=\"400\" class=\"wpcf7-form-control wpcf7-text wpcf7-validates-as-required\" aria-required=\"true\" aria-invalid=\"false\" placeholder=\"Kontaktn\u00ed adresa*\" value=\"\" type=\"text\" name=\"your-email\" \/><\/span><\/div>\n<div class=\"full-width\"><span class=\"wpcf7-form-control-wrap\" data-name=\"menu-720\"><select class=\"wpcf7-form-control wpcf7-select wpcf7-validates-as-required\" aria-required=\"true\" aria-invalid=\"false\" name=\"menu-720\"><option value=\"Souhlas se zas\u00edl\u00e1n\u00edm zpravodaje:\">Souhlas se zas\u00edl\u00e1n\u00edm zpravodaje:<\/option><option value=\"Souhlas\u00edm\">Souhlas\u00edm<\/option><option value=\"Nesouhlas\u00edm\">Nesouhlas\u00edm<\/option><\/select><\/span><\/div>\n<h6>Prohl\u00e1\u0161en\u00ed:<\/h6>\nZasl\u00e1n\u00edm t\u00e9to p\u0159ihl\u00e1\u0161ky se uch\u00e1z\u00edm o \u010dlenstv\u00ed ve spolku \u010cesk\u00e9 sdru\u017een\u00ed pro pr\u00e1vn\u00ed a soci\u00e1ln\u00ed\nfilozofii, z. s., se s\u00eddlem n\u00e1m\u011bst\u00ed Curieov\u00fdch 901\/7, Star\u00e9 M\u011bsto, 110 00 Praha 1, I\u010cO: 750 88\u00a0631,\nzapsan\u00e9m ve spolkov\u00e9m rejst\u0159\u00edku veden\u00e9m M\u011bstsk\u00fdm soudem v\u00a0Praze, odd\u00edl L, vlo\u017eka 3342.\nBeru na v\u011bdom\u00ed, \u017ee jako \u010dlen Spolku m\u00e1m povinnost \u0159\u00e1dn\u011b hradit \u010dlensk\u00fd p\u0159\u00edsp\u011bvek, jeho\u017e v\u00fd\u0161i,\nzp\u016fsob \u00fahrady a splatnost stanovuje \u010dlensk\u00e1 sch\u016fze sv\u00fdm rozhodnut\u00edm. \u010clensk\u00fd p\u0159\u00edsp\u011bvek se hrad\u00ed\nna bankovn\u00ed \u00fa\u010det Spolku \u010d. 249165\u00a0409\/0600 (Moneta Money Bank). Dal\u0161\u00ed pr\u00e1va a povinnosti\nsouvisej\u00edc\u00ed se \u010dlenstv\u00edm ur\u010duj\u00ed Stanovy Spolku.\n<div class=\"sc_form_field sc_form_field_button sc_form_field_submit full-width\"><input class=\"wpcf7-form-control wpcf7-submit has-spinner\" type=\"submit\" value=\"Odeslat\" \/><\/div><div class=\"wpcf7-response-output\" aria-hidden=\"true\"><\/div>\n<\/form>\n<\/div>\n[\/vc_column_text][vc_empty_space][vc_separator][vc_empty_space][\/vc_column][\/vc_row]<\/p>\n<\/section>","protected":false},"excerpt":{"rendered":"<p>[vc_row][vc_column][vc_empty_space][vc_separator][vc_empty_space][\/vc_column][\/vc_row][vc_row][vc_column][vc_column_text] \u010clenem \u010cesk\u00e9 sdru\u017een\u00ed pro pr\u00e1vn\u00ed a soci\u00e1ln\u00ed filozofii, z. s. (d\u00e1le t\u00e9\u017e \u201eSpolek\u201c) se mohou st\u00e1t fyzick\u00e9 i pr\u00e1vnick\u00e9 osoby. V\u00edt\u00e1ni jsou \u010dlenov\u00e9 nap\u0159\u00ed\u010d v\u011bdn\u00edmi obory, fakultami i profesemi. [&hellip;]<\/p>\n","protected":false},"author":1,"featured_media":0,"parent":0,"menu_order":0,"comment_status":"closed","ping_status":"closed","template":"","meta":{"_bbp_topic_count":0,"_bbp_reply_count":0,"_bbp_total_topic_count":0,"_bbp_total_reply_count":0,"_bbp_voice_count":0,"_bbp_anonymous_reply_count":0,"_bbp_topic_count_hidden":0,"_bbp_reply_count_hidden":0,"_bbp_forum_subforum_count":0,"footnotes":""},"class_list":["post-106606","page","type-page","status-publish","hentry"],"_links":{"self":[{"href":"https:\/\/www.ivrczech.cz\/index.php?rest_route=\/wp\/v2\/pages\/106606","targetHints":{"allow":["GET"]}}],"collection":[{"href":"https:\/\/www.ivrczech.cz\/index.php?rest_route=\/wp\/v2\/pages"}],"about":[{"href":"https:\/\/www.ivrczech.cz\/index.php?rest_route=\/wp\/v2\/types\/page"}],"author":[{"embeddable":true,"href":"https:\/\/www.ivrczech.cz\/index.php?rest_route=\/wp\/v2\/users\/1"}],"replies":[{"embeddable":true,"href":"https:\/\/www.ivrczech.cz\/index.php?rest_route=%2Fwp%2Fv2%2Fcomments&post=106606"}],"version-history":[{"count":2,"href":"https:\/\/www.ivrczech.cz\/index.php?rest_route=\/wp\/v2\/pages\/106606\/revisions"}],"predecessor-version":[{"id":106696,"href":"https:\/\/www.ivrczech.cz\/index.php?rest_route=\/wp\/v2\/pages\/106606\/revisions\/106696"}],"wp:attachment":[{"href":"https:\/\/www.ivrczech.cz\/index.php?rest_route=%2Fwp%2Fv2%2Fmedia&parent=106606"}],"curies":[{"name":"wp","href":"https:\/\/api.w.org\/{rel}","templated":true}]}}