{"id":106637,"date":"2023-10-03T09:51:57","date_gmt":"2023-10-03T07:51:57","guid":{"rendered":"https:\/\/www.ivrczech.cz\/?page_id=106637"},"modified":"2023-10-03T10:26:19","modified_gmt":"2023-10-03T08:26:19","slug":"about-us","status":"publish","type":"page","link":"https:\/\/www.ivrczech.cz\/?page_id=106637&lang=en","title":{"rendered":"About us"},"content":{"rendered":"<section class=\"wpb-content-wrapper\"><p>[vc_row][vc_column]<div class=\"sc_content content_wrap\">[vc_column_text]<\/p>\n<p style=\"text-align: justify;\">The Czech Association for Legal and Social Philosophy (hereinafter referred to as &#8220;the Association&#8221;) stands as the most significant platform in our country for legal theorists and philosophers. Our scope is not limited only to these disciplines; but reaches further to include representatives from various academic fields and professions to provide a truly encompassing view of the relevant topics.<\/p>\n<p style=\"text-align: justify;\">The Association is dedicated to nurturing philosophic thought in law and broadening the understanding of legal and social philosophy through close cooperation with academic and pedagogical institutions not only in the Czech Republic but also globally. Our focus on international collaboration reflects the Association&#8217;s role since its inception in the 90s as one of the national sections of the International Association for Legal and Social Philosophy (Internationale Vereinigung f\u00fcr Rechts- und Sozialphilosophie, or &#8220;IVR&#8221;).<\/p>\n<p style=\"text-align: justify;\">The IVR, one of the oldest global legal associations, has been consistently cultivating legal and social philosophy since it was founded in Berlin in 1909. Even today, it still holds a unique position in the world.<\/p>\n<p style=\"text-align: justify;\"><img loading=\"lazy\" decoding=\"async\" class=\"alignnone size-medium wp-image-106638\" src=\"http:\/\/www.ivrczech.cz\/wp-content\/uploads\/2023\/10\/001-300x188.png\" alt=\"\" width=\"300\" height=\"188\" srcset=\"https:\/\/www.ivrczech.cz\/wp-content\/uploads\/2023\/10\/001-300x188.png 300w, https:\/\/www.ivrczech.cz\/wp-content\/uploads\/2023\/10\/001-768x480.png 768w, https:\/\/www.ivrczech.cz\/wp-content\/uploads\/2023\/10\/001.png 1008w\" sizes=\"auto, (max-width: 300px) 100vw, 300px\" \/><\/p>\n<p style=\"text-align: justify;\">Article I. of the original statutes of the IVR of 1909, the legal basis upon which IVR was founded with effect from October 1909. The statutes were published in <em>Archiv f\u00fcr Rechts- und Wirtschaftsphilosophie, 1909\/1910, vol. 3, no. 1, pp. 3-8<\/em> and are available <a href=\"https:\/\/www.jstor.org\/stable\/43664260\">here.<\/a><\/p>\n<p style=\"text-align: justify;\">Every two years, IVR organizes a global congress in a major university city. On a quarterly basis, it publishes the renowned journal <em>Archiv f\u00fcr Rechts-und Sozialphilosophie.<\/em><\/p>\n<p style=\"text-align: justify;\"><img loading=\"lazy\" decoding=\"async\" class=\"alignnone size-medium wp-image-106639\" src=\"http:\/\/www.ivrczech.cz\/wp-content\/uploads\/2023\/10\/002-300x188.png\" alt=\"\" width=\"300\" height=\"188\" srcset=\"https:\/\/www.ivrczech.cz\/wp-content\/uploads\/2023\/10\/002-300x188.png 300w, https:\/\/www.ivrczech.cz\/wp-content\/uploads\/2023\/10\/002-768x480.png 768w, https:\/\/www.ivrczech.cz\/wp-content\/uploads\/2023\/10\/002.png 1008w\" sizes=\"auto, (max-width: 300px) 100vw, 300px\" \/><\/p>\n<p style=\"text-align: justify;\">(<a href=\"https:\/\/www.steiner-verlag.de\/brand\/Archiv-fuer-Rechts-und-Sozialphilosophie\">The journal Archiv f\u00fcr Rechts-und Sozialphilosophie currently published by Franz Steiner Verlag<\/a>).<\/p>\n<p style=\"text-align: justify;\">The Czech Association for Legal and Social Philosophy, as a domestic section of IVR, actively collaborates with the IVR and the national IVR sections.<\/p>\n<p style=\"text-align: justify;\">Our Association&#8217;s primary activities include:<\/p>\n<ul style=\"text-align: justify;\">\n<li>Initiating scientific and publishing activities and cooperation in the field of legal and social philosophy (such as conferences, colloquia, and workshops)<\/li>\n<li>Coordinating participation at IVR world congresses<\/li>\n<li>Supporting early career researchers<\/li>\n<li>Awarding prizes for excellent scientific publications.<\/li>\n<\/ul>\n<p style=\"text-align: justify;\">The highest decision-making body of the Association is the general assembly of all its members. It discusses and decides on all fundamental issues concerning the Association&#8217;s operation and existence. The Association\u2019s executive board consists of three members. The chairman &#8211; Prof. Ale\u0161 Gerloch, and two vice-chairmen &#8211; Prof. Milo\u0161 Ve\u010de\u0159a and Assoc. Prof. Franti\u0161ek Cvr\u010dek. The Association&#8217;s Secretary is Dr. Katarzyna \u017d\u00e1k Krzy\u017eankov\u00e1.<\/p>\n<p>[\/vc_column_text]<\/div>[\/vc_column][\/vc_row][vc_row full_width=&#8221;stretch_row&#8221; css=&#8221;.vc_custom_1452765557880{background-color: #f3f3f3 !important;}&#8221;][vc_column]<div class=\"sc_section margin_bottom_huge\" style=\"max-width: 970px; margin: auto;\"><div class=\"sc_section_inner\"><h3 class=\"sc_title sc_title_regular sc_align_center margin_top_small\" style=\"text-align:center;\">Subscribe Now!<\/h3><div class=\"columns_wrap sc_columns columns_nofluid sc_columns_count_1\"><div class=\"column-1_1 sc_column_item sc_column_item_1 odd first\"><\/div><div class=\"column-1_1 sc_column_item sc_column_item_2 even\">\n<div class=\"wpcf7 no-js\" id=\"wpcf7-f106667-o1\" lang=\"en-US\" dir=\"ltr\">\n<div class=\"screen-reader-response\"><p role=\"status\" aria-live=\"polite\" aria-atomic=\"true\"><\/p> <ul><\/ul><\/div>\n<form action=\"\/index.php?rest_route=%2Fwp%2Fv2%2Fpages%2F106637#wpcf7-f106667-o1\" method=\"post\" class=\"wpcf7-form init\" aria-label=\"Contact form\" novalidate=\"novalidate\" data-status=\"init\">\n<div style=\"display: none;\">\n<input type=\"hidden\" name=\"_wpcf7\" value=\"106667\" \/>\n<input type=\"hidden\" name=\"_wpcf7_version\" value=\"5.9.8\" \/>\n<input type=\"hidden\" name=\"_wpcf7_locale\" value=\"en_US\" \/>\n<input type=\"hidden\" name=\"_wpcf7_unit_tag\" value=\"wpcf7-f106667-o1\" \/>\n<input type=\"hidden\" name=\"_wpcf7_container_post\" value=\"0\" \/>\n<input type=\"hidden\" name=\"_wpcf7_posted_data_hash\" value=\"\" \/>\n<\/div>\n<div class=\"full-width\"><span class=\"wpcf7-form-control-wrap\" data-name=\"your-first-name\"><input size=\"40\" maxlength=\"400\" class=\"wpcf7-form-control wpcf7-text wpcf7-validates-as-required\" aria-required=\"true\" aria-invalid=\"false\" placeholder=\"First Name*\" value=\"\" type=\"text\" name=\"your-first-name\" \/><\/span><\/div>\n<div class=\"full-width\"><span class=\"wpcf7-form-control-wrap\" data-name=\"your-last-name\"><input size=\"40\" maxlength=\"400\" class=\"wpcf7-form-control wpcf7-text wpcf7-validates-as-required\" aria-required=\"true\" aria-invalid=\"false\" placeholder=\"Last Name*\" value=\"\" type=\"text\" name=\"your-last-name\" \/><\/span><\/div> \n<div class=\"full-width\"><span class=\"wpcf7-form-control-wrap\" data-name=\"your-email\"><input size=\"40\" maxlength=\"400\" class=\"wpcf7-form-control wpcf7-email wpcf7-validates-as-required wpcf7-text wpcf7-validates-as-email\" aria-required=\"true\" aria-invalid=\"false\" placeholder=\"E-mail*\" value=\"\" type=\"email\" name=\"your-email\" \/><\/span><\/div>\n<div class=\"sc_form_field sc_form_field_button sc_form_field_submit full-width\"><input class=\"wpcf7-form-control wpcf7-submit has-spinner\" type=\"submit\" value=\"Submit\" \/><\/div><div class=\"wpcf7-response-output\" aria-hidden=\"true\"><\/div>\n<\/form>\n<\/div>\n<\/div><\/div><\/div><\/div>[\/vc_column][\/vc_row]<\/p>\n<\/section>","protected":false},"excerpt":{"rendered":"<p>[vc_row][vc_column][\/vc_column][\/vc_row][vc_row full_width=&#8221;stretch_row&#8221; css=&#8221;.vc_custom_1452765557880{background-color: #f3f3f3 !important;}&#8221;][vc_column][\/vc_column][\/vc_row]<\/p>\n","protected":false},"author":1,"featured_media":0,"parent":0,"menu_order":0,"comment_status":"closed","ping_status":"closed","template":"","meta":{"_bbp_topic_count":0,"_bbp_reply_count":0,"_bbp_total_topic_count":0,"_bbp_total_reply_count":0,"_bbp_voice_count":0,"_bbp_anonymous_reply_count":0,"_bbp_topic_count_hidden":0,"_bbp_reply_count_hidden":0,"_bbp_forum_subforum_count":0,"footnotes":""},"class_list":["post-106637","page","type-page","status-publish","hentry"],"_links":{"self":[{"href":"https:\/\/www.ivrczech.cz\/index.php?rest_route=\/wp\/v2\/pages\/106637","targetHints":{"allow":["GET"]}}],"collection":[{"href":"https:\/\/www.ivrczech.cz\/index.php?rest_route=\/wp\/v2\/pages"}],"about":[{"href":"https:\/\/www.ivrczech.cz\/index.php?rest_route=\/wp\/v2\/types\/page"}],"author":[{"embeddable":true,"href":"https:\/\/www.ivrczech.cz\/index.php?rest_route=\/wp\/v2\/users\/1"}],"replies":[{"embeddable":true,"href":"https:\/\/www.ivrczech.cz\/index.php?rest_route=%2Fwp%2Fv2%2Fcomments&post=106637"}],"version-history":[{"count":8,"href":"https:\/\/www.ivrczech.cz\/index.php?rest_route=\/wp\/v2\/pages\/106637\/revisions"}],"predecessor-version":[{"id":106678,"href":"https:\/\/www.ivrczech.cz\/index.php?rest_route=\/wp\/v2\/pages\/106637\/revisions\/106678"}],"wp:attachment":[{"href":"https:\/\/www.ivrczech.cz\/index.php?rest_route=%2Fwp%2Fv2%2Fmedia&parent=106637"}],"curies":[{"name":"wp","href":"https:\/\/api.w.org\/{rel}","templated":true}]}}